*j - 10360, -3*j - 22*n = -17*n - 6216. What are the prime factors of j?
2, 7, 37
Suppose -2*w = r - 246, -1208 = 3*r - 8*r + w. List the prime factors of r.
2, 11
Let o be (-20)/(-7) - (-2)/14. Suppose -q = o*q. Suppose 0 = -w - q + 4. List the prime factors of w.
2
Let c = -225 - 67. Let s = -135 - c. List the prime factors of s.
157
Suppose -5*d = -11*d + 24. Suppose 464 = 4*h - 2*j, 0*h + h + d*j - 107 = 0. What are the prime factors of h?
5, 23
Let i be (-5)/(38/(-171) - 86/(-306)). Let d = i - -91. What are the prime factors of d?
2, 3
Suppose 3*i + 3*o - 333 = 0, 3*i = -2*o + 213 + 121. Suppose 7*x = -0*x + i. List the prime factors of x.
2
Let k = -836 + 1542. List the prime factors of k.
2, 353
Suppose 2*d + d - 2520 = -2*j, 3*j - 2*d - 3767 = 0. List the prime factors of j.
3, 419
List the prime factors of (357/(-42))/(2/(-8)).
2, 17
Let t be 10/6 - 944/(-6). Let x = t - 95. List the prime factors of x.
2
Suppose -32*n - j = -30*n - 4465, -n - 4*j = -2250. What are the prime factors of n?
2, 5, 223
Let h(x) = -75*x - 263. List the prime factors of h(-14).
787
Let n(f) = -f**3 + 4*f**2 - 2*f. Let i be n(3). Let v = 4 + i. What are the prime factors of 372/28 + (-2)/v?
13
Suppose 0 = 9*j - 15*j + 2700. List the prime factors of j.
2, 3, 5
Let d = -717 - -779. List the prime factors of d.
2, 31
Let j = -50 + 84. Let b = -9 + j. Suppose 4*p = b + 55. What are the prime factors of p?
2, 5
Suppose 5*l + 5*h = -5, -6*l + 2*l + 1 = -h. Suppose l*t = 3*t. Suppose t*n - 103 = -5*d - n, n = 4*d - 77. What are the prime factors of d?
2, 5
Suppose -5458 = -16*g + 1838. List the prime factors of g.
2, 3, 19
What are the prime factors of 1/(879/(-4470) + 7/35)?
2, 149
Suppose -3*r + 309 + 102 = 0. What are the prime factors of r?
137
Suppose 2*n = 5*f - 39, f - n - 42 = -4*f. What are the prime factors of (-3)/f + (-10)/(-3)?
3
What are the prime factors of 2*3/6*5975?
5, 239
Let g = -40 + 42. What are the prime factors of (g + 0 + 10)*(2 - 0)?
2, 3
Let q = 17 - -46. Suppose 5*v - 488 + q = 0. What are the prime factors of v?
5, 17
Suppose 12*m - 1893 = 4131. List the prime factors of m.
2, 251
Let k(w) = 7*w**2 + w - 1. Let n be k(-2). List the prime factors of n - 4*(-3 + 2).
29
Let g(t) = 3*t + 6. Let i(c) = 1. Let b(v) = g(v) + 3*i(v). Let d be b(-4). What are the prime factors of d/(-18) + 123/18?
7
Suppose -12 = -5*h + 2*h, -n = -4*h - 2674. List the prime factors of n.
2, 5, 269
Suppose 23*k = 20*k. Suppose -3*q - 2*q + 2*g + 307 = 0, k = 2*q + 3*g - 119. What are the prime factors of q?
61
Suppose -3*m - 2*x = -3624, 4*m - 2824 = -2*x + 2006. List the prime factors of m.
2, 3, 67
List the prime factors of (-9024)/(-208)*(-13)/(-2).
2, 3, 47
Let n(m) = -101*m - 250. What are the prime factors of n(-25)?
5, 7, 13
Let g be 2*1/2*5. Suppose 2*p - 2*m - 2 = 6, p - 12 = g*m. What are the prime factors of (1/((-4)/(-112)))/p?
2, 7
Let q(w) = 15*w**3 + 64*w**2 - 256*w + 1. What are the prime factors of q(4)?
31
Let v(n) = 4*n**2 - 21*n + 41. What are the prime factors of v(-11)?
2, 3, 7
Suppose 31*i + 3633 = 22140. What are the prime factors of i?
3, 199
Let z = -345 + 1130. What are the prime factors of z?
5, 157
Let a be 6/(-9)*(1 - -2)/(-1). Suppose 2*g = a*z - z + 156, -5*z = 0. List the prime factors of g.
2, 3, 13
Suppose 1570 = 3*z + 556. What are the prime factors of z?
2, 13
Let p(c) = c**3 + 7*c**2 - 5*c - 5. Let y be p(-4). Suppose 2*b - y = 5*m, 5*b - m - 51 - 95 = 0. What are the prime factors of b?
29
Suppose 2*q = -q - 4*r + 16408, 3*r - 16404 = -3*q. List the prime factors of q.
2, 683
Let h(n) = -n + 0 - 16*n - 3 - 5 + 3*n**2. What are the prime factors of h(11)?
2, 3, 7
Suppose -k - 5*m + 411 = -215, 3*m - 624 = -k. List the prime factors of k.
3, 23
Suppose 6*q - 2 = 5*q. Suppose -4 = q*x + 4*a, 4*x + a - 17 = -x. What are the prime factors of x?
2
Let m = 2647 + 1750. What are the prime factors of m?
4397
Suppose 6*h = -18*h + 46152. List the prime factors of h.
3, 641
Let y(g) = 4*g**2 - g - 4. Let p(i) = 2*i - 21. Let f(w) = -w + 10. Let x(o) = 7*f(o) + 3*p(o). Let u be x(4). What are the prime factors of y(u)?
29
Let n be 4/(-12) - 530/(-6). List the prime factors of 5/(10/n) + 3.
47
Suppose 17*b - 437 - 10936 = 0. List the prime factors of b.
3, 223
Let b(m) = 3*m**2 - 14*m + 11. List the prime factors of b(14).
13, 31
Let m be (9 - 1)*(-6)/(-12). Suppose 4*v - 3*v - h - 4 = 0, -m*v - 5*h + 7 = 0. Suppose 3*x - 25 = -2*t + 88, x + v*t - 33 = 0. What are the prime factors of x?
3, 13
Let a(f) = 8*f**2 + 29*f + 50. Let r(l) = 4*l**2 + 14*l + 25. Let t(h) = -2*a(h) + 5*r(h). List the prime factors of t(-7).
137
Let k = 1802 + -1076. What are the prime factors of k?
2, 3, 11
Let r(h) = -2 - 1 + 5*h - 4*h. Let o be r(6). What are the prime factors of -2 - (-7 + (o - 2))?
2
Let c be 4/(-6)*6/(-4). Let i(n) = -n**2 - 18*n + 2. Let r be i(-20). What are the prime factors of -3 - r/(c + 1)?
2
Let o be (-5)/2 + (-2)/4. List the prime factors of 4/6 + 1 + (-19)/o.
2
Suppose 0 = 5*s - 6*s + 4. List the prime factors of (s/4)/((-3)/(-45)).
3, 5
Let g = 3619 + -691. List the prime factors of g.
2, 3, 61
Let d be (-49)/(-14)*(-4)/7. Let t = 45 + -101. List the prime factors of 10/d*t/10.
2, 7
Let z = 956 - 253. What are the prime factors of z?
19, 37
Suppose -2*j + 25 = -5*v, 5*j - 15*v = -11*v + 37. Suppose j*q + a - 26 = 0, 3*a + 0*a = -12. What are the prime factors of q?
2, 3
Let y(k) = k**3 - 5*k**2 - 7*k + 71. What are the prime factors of y(7)?
2, 3, 5
List the prime factors of ((-108)/9 - -6) + 1028.
2, 7, 73
Suppose 12 + 3 = 3*y - 3*b, -7 = y + 3*b. Suppose -4*v - x + y*x = -275, 20 = 4*x. List the prime factors of v.
2, 5, 7
Let k(r) = -18*r - 16. Let s(v) = v - 2. Let p be s(-6). List the prime factors of k(p).
2
List the prime factors of (-3 + 35)/((-20)/(-1730)).
2, 173
Let k = 95 + -30. Suppose -5*s - k = -0*s. What are the prime factors of s/(-5) + (-8)/(-20)?
3
Let i be (15 + -15)/(2*-1). Suppose i = -2*t + 4*t - 108. List the prime factors of t.
2, 3
Suppose 170*c + 9312 = 178*c. List the prime factors of c.
2, 3, 97
Suppose -931 + 235 = -2*l. Let w = l - 196. List the prime factors of w.
2, 19
Let b(f) = 67*f**2 - 5*f + 6. Let u be b(1). Let v = 1 + 3. Suppose -v*c + u = -32. List the prime factors of c.
5
Suppose -65*k + 70*k - 3040 = 0. What are the prime factors of k?
2, 19
Let d = 17 - 15. Suppose d*w + 2*l + 118 = 16, 3*w + 156 = -2*l. Let s = w - -93. What are the prime factors of s?
3, 13
Suppose 0 = -4*u - 20, 7*z - 60 = 5*z + 4*u. Suppose -a + 18 = -q, 5*q - 10 = 3*a - 106. Let p = z - q. What are the prime factors of p?
41
Let q(y) = -9*y**2 - 3*y + 5. Let k be q(-5). List the prime factors of (-1)/(5/k) - 3.
2, 19
Let s(a) = a**2 - 5*a - 2. Let w be s(5). Let i = -161 + 235. Let b = i - w. What are the prime factors of b?
2, 19
Let z = -310 + 1635. What are the prime factors of z?
5, 53
Let b(n) = -n**3 - 12*n - 24. What are the prime factors of b(-9)?
3, 271
What are the prime factors of 36/(-7)*-2*46305/490?
2, 3
Let a(c) = 16*c**2 + 12*c**2 - 27*c**2 - 17. What are the prime factors of a(9)?
2
Let k(u) = 2235*u**3 + 10*u**2 - 10*u - 1. List the prime factors of k(1).
2, 1117
Let p = -57 - -60. What are the prime factors of (252/(-8))/9*(-114)/p?
7, 19
Suppose -82 - 5 = -3*v + 3*g, 0 = 3*v + 3*g - 117. Let f be -18*(v/(-3))/2. Suppose 0 = -4*n - 5*j + 95, -4*j - f = -3*n - 23. What are the prime factors of n?
5
Let r be (2 - -2)/4 - -2. Let y(p) be the first derivative of 3*p**2/2 - 2. List the prime factors of y(r).
3
Suppose 6*a = a + 15575. What are the prime factors of a?
5, 7, 89
Let v = 494 + -489. Let b = 562 + -351. Suppose 0 = -3*m, 5*z + v*m = -86 + b. List the prime factors of z.
5
Suppose 14*w = 16*w + 122. Let s = 113 + w. What are the prime factors of s?
2, 13
List the prime factors of 301 + 2 + (-20)/4.
2, 149
Suppose 2*q + 7856 = 3*d, -3*d - 4336 = -4*q - 12194. List the prime factors of d.
2, 7, 11, 17
Let g(u) be the first derivative of 10/3*u**3 + 1/4*u**4 + 3*u - 3 - 15/2*u**2. List the prime factors of g(-11).
47
Let c = 202 + -71. Suppose -g + 5*g = -5*w + 655, w - g = c. What are the prime factors of w?
131
Let i be (5/4)/(4/560). Suppose 2*h = -o + i, -5*o - 3*h + 899 = h. What ar